of 640?
True
Does 17 divide 1266?
False
Is 7 a factor of 5474?
True
Does 8 divide 79681?
False
Does 17 divide 10523?
True
Is 87 a multiple of 5?
False
Is 158 a factor of 42972?
False
Does 9 divide 135?
True
Is 45 a factor of 3510?
True
Is 10 a factor of 1510?
True
Does 12 divide 612?
True
Is 9 a factor of 6471?
True
Is 157 a factor of 1333?
False
Is 80971 a multiple of 11?
True
Does 29 divide 1914?
True
Is 11 a factor of 1629?
False
Is 10 a factor of 56?
False
Does 21 divide 12852?
True
Is 13 a factor of 34401?
False
Is 1672 even?
True
Is 34 a factor of 788?
False
Does 16 divide 1424?
True
Is 2 a factor of 454?
True
Is 56 a factor of 2414?
False
Is 2 a factor of 87?
False
Is 55 a factor of 1815?
True
Is 300 a multiple of 2?
True
Is 20 a factor of 260?
True
Does 37 divide 29378?
True
Is 34146 a multiple of 84?
False
Is 28 a multiple of 5?
False
Does 10 divide 15833?
False
Is 14 a factor of 851?
False
Is 67 a factor of 338?
False
Is 81 a factor of 1215?
True
Is 24 a factor of 32817?
False
Does 24 divide 565?
False
Is 101 a factor of 60398?
True
Does 12 divide 1008?
True
Is 6804 a multiple of 126?
True
Does 11 divide 286?
True
Is 5 a factor of 2760?
True
Does 32 divide 3584?
True
Is 902 a multiple of 11?
True
Does 21 divide 462?
True
Does 27 divide 240?
False
Does 7 divide 5618?
False
Is 1953 a multiple of 7?
True
Is 712 a multiple of 15?
False
Is 2175 a multiple of 25?
True
Is 421 a multiple of 24?
False
Is 2176 a multiple of 8?
True
Is 2 a factor of 86?
True
Is 8 a factor of 80?
True
Is 154239 a multiple of 24?
False
Does 35 divide 14013?
False
Is 64 a factor of 1251?
False
Is 8322 a multiple of 57?
True
Is 91 a factor of 139339?
False
Is 1375 a multiple of 11?
True
Is 20292 a multiple of 114?
True
Is 11 a factor of 1578?
False
Does 38 divide 1102?
True
Is 4888 a multiple of 8?
True
Is 49 a factor of 1568?
True
Is 77 a factor of 1925?
True
Is 74 a factor of 2886?
True
Is 249 a factor of 21237?
False
Is 1775 a multiple of 25?
True
Is 25707 a multiple of 57?
True
Is 6 a factor of 112?
False
Does 16 divide 10856?
False
Is 13 a factor of 65442?
True
Does 65 divide 1589?
False
Is 11 a factor of 607?
False
Is 4 a factor of 2392?
True
Is 9634 a multiple of 102?
False
Is 13809 a multiple of 42?
False
Is 4429 a multiple of 115?
False
Does 5 divide 964?
False
Does 6 divide 37?
False
Is 41195 a multiple of 11?
True
Is 32 a factor of 21144?
False
Does 31 divide 1830?
False
Is 3963 a multiple of 44?
False
Is 4173 a multiple of 119?
False
Is 11 a factor of 1102?
False
Does 143 divide 34892?
True
Is 11 a factor of 1914?
True
Does 31 divide 2130?
False
Is 19 a multiple of 4?
False
Does 10 divide 660?
True
Does 58 divide 2146?
True
Does 19 divide 265?
False
Is 430 a multiple of 8?
False
Does 29 divide 15341?
True
Does 207 divide 6417?
True
Is 46 a factor of 9292?
True
Is 3955 a multiple of 113?
True
Is 483 a multiple of 57?
False
Is 183 even?
False
Is 10 a factor of 80?
True
Does 60 divide 33367?
False
Does 10 divide 94?
False
Does 12 divide 528?
True
Does 72 divide 16632?
True
Does 173 divide 187?
False
Is 7168 a multiple of 8?
True
Is 97 a factor of 4462?
True
Is 66716 a multiple of 11?
False
Is 8 a factor of 160?
True
Is 60 a factor of 1860?
True
Is 14 a factor of 1106?
True
Is 729 a multiple of 15?
False
Does 57 divide 408?
False
Is 38 a factor of 917?
False
Is 3 a factor of 41008?
False
Does 30 divide 2070?
True
Is 33 a factor of 1013?
False
Is 14 a factor of 3025?
False
Does 8 divide 3847?
False
Is 20 a factor of 3961?
False
Is 10145 a multiple of 7?
False
Is 12 a factor of 10198?
False
Does 20 divide 282?
False
Does 7 divide 511?
True
Is 106 a multiple of 22?
False
Does 8 divide 2425?
False
Is 10 a factor of 45420?
True
Is 19 a factor of 3609?
False
Does 14 divide 1162?
True
Is 41731 a multiple of 29?
True
Is 27 a factor of 11090?
False
Is 8016 a multiple of 34?
False
Is 734 a multiple of 31?
False
Is 7 a factor of 266?
True
Is 11 a factor of 1294?
False
Is 122 a factor of 10179?
False
Is 18 a factor of 1566?
True
Is 31 a factor of 42440?
False
Does 15 divide 3105?
True
Is 9 a factor of 6882?
False
Does 7 divide 36771?
True
Is 882 a multiple of 21?
True
Is 14 a factor of 260?
False
Is 15 a factor of 248?
False
Is 19348 a multiple of 17?
False
Does 9 divide 111?
False
Does 34 divide 70448?
True
Is 31 a factor of 2325?
True
Does 43 divide 1720?
True
Does 7 divide 28?
True
Is 1077 a multiple of 3?
True
Does 10 divide 2486?
False
Does 27 divide 19012?
False
Does 311 divide 51222?
False
Does 56 divide 672?
True
Is 74 a factor of 9694?
True
Is 449 a multiple of 40?
False
Does 51 divide 17269?
False
Is 7906 a multiple of 232?
False
Does 8 divide 280?
True
Does 25 divide 4775?
True
Does 29 divide 957?
True
Is 21 a factor of 420?
True
Is 98 a factor of 490?
True
Is 3 a factor of 571?
False
Does 60 divide 75900?
True
Is 4 a factor of 1544?
True
Is 407 a multiple of 11?
True
Does 24 divide 1707?
False
Is 149 a factor of 3317?
False
Is 5892 a multiple of 33?
False
Is 171 a multiple of 24?
False
Does 3 divide 439?
False
Does 17 divide 2692?
False
Is 83 even?
False
Is 236 a multiple of 80?
False
Does 10 divide 9410?
True
Does 8 divide 1843?
False
Is 18 a factor of 4112?
False
Does 231 divide 1822?
False
Does 43 divide 2811?
False
Does 6 divide 431?
False
Is 78 a factor of 82056?
True
Is 26 a factor of 3489?
False
Is 294 a multiple of 20?
False
Is 36 a factor of 7262?
False
Is 163 a factor of 13707?
False
Is 5724 a multiple of 4?
True
Is 66738 a multiple of 18?
False
Is 5330 a multiple of 65?
True
Is 16380 a multiple of 42?
True
Is 10 a factor of 73300?
True
Is 4134 a multiple of 39?
True
Does 107 divide 764?
False
Is 27 a factor of 118179?
True
Does 17 divide 49538?
True
Is 41 a factor of 1340?
False
Does 8 divide 66?
False
Is 47 a factor of 329?
True
Is 20 a factor of 580?
True
Does 63 divide 17955?
True
Is 6 a factor of 2568?
True
Does 7 divide 20333?
False
Is 11415 a multiple of 14?
False
Is 345 a multiple of 23?
True
Is 440 a multiple of 37?
False
Is 1989 a multiple of 13?
True
Is 79 a factor of 49296?
True
Is 13 a factor of 2785?
False
Is 336 a multiple of 16?
True
Is 2375 a multiple of 25?
True
Is 741 a multiple of 57?
True
Does 29 divide 2726?
True
Is 3 a factor of 12025?
False
Does 11 divide 858?
True
Is 17093 a multiple of 23?
False
Is 1785 a multiple of 17?
True
Does 32 divide 44832?
True
Does 3 divide 224?
False
Is 10984 a multiple of 6?
False
Does 7 divide 1895?
False
Is 8137 a multiple of 39?
False
Is 4 a factor of 13829?
False
Does 18 divide 1365?
False
Is 54 a factor of 1458?
True
Does 8 divide 570?
False
Does 65 divide 19648?
False
Does 21 divide 2667?
True
Is 37 a factor of 148?
True
Does 48 divide 1776?
True
Does 124 divide 56792?
True
Is 123 a factor of 246?
True
Is 2691 a multiple of 39?
True
Is 653 a multiple of 11?
False
Is 18 a factor of 540?
True
Is 532 a multiple of 19?
True
Does 116 divide 73196?
True
Is 21 a factor of 504?
True
Does 48 divide 192?
True
Is 1842 a multiple of 6?
True
Does 21 divide 6323?
False
Is 2028 a multiple of 13?
True
Is 882 a multiple of 14?
True
Is 2052 a multiple of 25?
False
Does 26 divide 910?
True
Does 12 divide 318?
False
Is 1156 a multiple of 10?
False
Is 8637 a multiple of 42?
False
Does 34 divide 9110?
False
Does 34 divide 1292?
True
Is 10 a factor of 650?
True
Is 11985 even?
False
Is 768 a multiple of 32?
True
Is 297 a factor of 33136?
False
Does 26 divide 12040?
False
Is 3 a factor of 60?
True
Is 1296 a multiple of 36?
True
Is 6941 a multiple of 11?
True
Does 83 divide 1660?
True
Is 285 a multiple of 15?
True
Is 8 a factor of 12878?
False
Does 46 divide 2651?
False
Is 88 a multiple of 13?
False
Is 85 a factor of 4930?
True
Is 14 a factor of 1596?
True
Does 17 divide 868?
False
Does 41 divide 779?
True
Does 41 divide 66010?
True
Is 13940 a multiple of 17?
True
Is 161 a factor of 3220?
True
Is 18 a factor of 234?
True
Is 1931 a multiple of 75?
False
Is 54 a factor of 594?
True
Is 3576 a multiple of 24?
True
Is 13 a factor of 6591?
True
Does 21 divide 41226?
False
Does 38 divide 14912?
False
Does 21 divide 84?
True
Is 1419 a multiple of 11?
True
Does 6 divide 1079?
False
Is 4141 a multiple of 33?
False
Is 19 a factor of 1577?
True
Does 7 divide 236?
False
Is 62789 a multiple of 66?
False
Is 235 a multiple o